 p(k) = k - 2 + 0*k - 2*k - y. Determine p(0).
-6
Let z(c) = 3*c**3 + 7*c**2 + 9*c + 1. Let q(l) = -7*l**3 - 15*l**2 - 19*l - 1. Let r(w) = -4*q(w) - 9*z(w). Give r(5).
20
Let n = 6 + -3. Let i be (6/4)/(12/16). Let t(c) = -1 + c + 3 + 3*c**3 + 2*c**i - 4*c**3. What is t(n)?
-4
Let o(v) be the third derivative of v**5/60 + 5*v**4/24 - 4*v**3/3 - 8*v**2. Give o(-7).
6
Suppose 3*d - 14 = z, -5*z + 3*z + 3*d - 16 = 0. Let q(l) = l**2 + 2*l - 2. What is q(z)?
-2
Let v(n) = n**2 - n - 2. Let q = 22 + -25. Calculate v(q).
10
Let k(l) = -l**3 - l**2 - l. Let c be k(-2). Suppose 3*j + n = 10, 5*j + n = 4*j + c. Let p(d) = -d**2 + 5*d - 2. What is p(j)?
4
Suppose 0*d - 2 = -d. Let v be (-3)/(-4)*40/15. Let k(m) = -1 - 6*m**3 - 4*m + v*m - m**d - 3*m**3. Determine k(-1).
9
Let u(g) = 2*g**3 + 5*g + 11. Let j(a) = a**3 + 3*a + 5. Let h(t) = -5*j(t) + 3*u(t). Calculate h(0).
8
Suppose -10 = -4*v + 2*v. Let u(j) be the third derivative of -1/60*j**v - 1/6*j**4 - 1/2*j**3 + 0*j + 0 + 2*j**2. Give u(-3).
0
Let u be (1 - -1)*(4 - 3). Let d(k) = 0 + 2*k + k**u + 1 - 2*k**2 + 0*k. What is d(3)?
-2
Suppose 4*p = 5*p. Suppose p = -4*y - 2*o + 4, 4*y + 3*o - 1 = 5. Let g = -1 + y. Let z(f) = 4*f**2 - 2*f - 1. Calculate z(g).
5
Suppose 3*q - 2*d = -5, -2*d = -0 + 10. Let x(g) = -2*g - g**2 - 7 + 3 - 2*g. Calculate x(q).
-9
Let h(d) = -d**3 - 8*d**2 - 1. Let a(j) = -2*j - 6. Let f be a(1). Calculate h(f).
-1
Let t(s) = s - 4. Let z(n) = n**3 + 7*n**2 - 8*n + 8. Let v be z(-8). Give t(v).
4
Suppose 2*p + 3*h = 7*p + 16, 0 = -4*p + 3*h - 14. Let l be (p + (-11 - -3))/2. Let c(y) = y - 2. Determine c(l).
-7
Let a(n) = -3*n**3 + n**2. Suppose 0 = c + 2*v + v - 11, -16 = -5*c - 2*v. Suppose 5*t = 4*t + 1. Let p be t + -4*1 + c. Determine a(p).
4
Let j(b) = b**3 + 4*b**2 - 7*b - 3. Suppose 0 = -2*f + 2*n + 3*n - 25, n + 22 = -5*f. What is j(f)?
7
Let f(c) = 43*c - 94*c - c**2 + 45*c + 9. What is f(-7)?
2
Let d(h) = -h**2 - 9*h - 10. Let n be d(-8). Let u(f) = -3*f**2 - f + 7. Let b(o) = -7*o**2 - 3*o + 15. Let x(q) = -4*b(q) + 9*u(q). Calculate x(n).
1
Let a(t) = t**2 - 5*t - 2. Suppose -3*f + 5 = -v - v, -4*f + v = -15. Calculate a(f).
-2
Let m = -3 + 6. Let o be m - 0 - 10/(-5). Let a(w) = -w - 3*w + 3*w - 3. What is a(o)?
-8
Suppose -4*x + 25 = x. Suppose 0 = -5*b + x + 25. Let z = b + -10. Let v(c) = -c**2 - 4*c + 1. Calculate v(z).
1
Let c(k) be the third derivative of k**2 + 1/3*k**3 + 1/12*k**4 + 0*k + 0. Let l = 2 + -5. Calculate c(l).
-4
Suppose 10 = -p - p - 2*n, -p + 5*n = -13. Let u = p - -6. Suppose 2*c - 3*i - 29 = -2*c, 3*c = u*i + 27. Let a(l) = -2*l + 6. Give a(c).
-4
Let a(r) = -r + 4 - 4 - 1. Let y(s) = 4*s + 3. Let t = -74 + 75. Let d(o) = t*a(o) - y(o). Calculate d(-3).
11
Let a(n) = -12 + 6 + n + 5. Let c = -3 + 3. Suppose c = -2*h - 8 - 0. Calculate a(h).
-5
Let y(r) = 0 + 3*r**2 - 2 + 3 + 0. Calculate y(2).
13
Let b(w) = -w. Let v(x) = -2*x**3 + 2*x**2 - 6*x. Let n(u) = -6*b(u) + v(u). Give n(2).
-8
Let s(p) be the first derivative of p**3/3 + 5*p**2/2 - 5*p + 14. Determine s(-7).
9
Let t(o) = 2*o**2 - 12*o + 12. Let n be t(5). Let q(s) = 2*s**3 + 2*s - 1. Determine q(n).
19
Let d(m) = -17*m**3 - 2*m + 6*m**3 + 2*m**2 + 10*m**3. Determine d(2).
-4
Let b(v) be the first derivative of 7*v + 2 - 1/3*v**3 + 2*v**2. Calculate b(6).
-5
Let j = 3 - 3. Let r = 4 - j. Let z(l) = -2*l + 4. Calculate z(r).
-4
Let p(l) = -l - 3. Let s be p(-7). Let x = 6 - s. Let z(u) = u**2 - 2*u**2 + 4*u**x. Determine z(1).
3
Let v(l) = -3 + 5 - 16 - l. Calculate v(-12).
-2
Let v(p) = p**3 - 10*p**2 - 3*p + 5. Let m(d) = -2*d**3 + 19*d**2 + 6*d - 11. Let c(x) = 4*m(x) + 7*v(x). Give c(6).
9
Suppose -5*k = -7 + 22. Let d be 2 - (2 + 1 + k). Let l be d/(((-16)/(-6))/4). Let x(h) = h**2 - h - 3. Calculate x(l).
3
Let k(s) = -s**3 - 7*s**2 - 4*s + 1. Let n(u) = -u**3 - 8*u**2 - 5*u + 2. Let q(t) = 4*k(t) - 3*n(t). Suppose 27 = -0*v + 3*v. Let b = -13 + v. Determine q(b).
2
Let q(p) = 9*p + 3 + 2*p - 5*p. Let k = 7 + -9. What is q(k)?
-9
Suppose -4*s = -5*f + 4 - 10, -4*s - 5*f = 14. Let m(d) = 19*d**3 - d**2 - d. What is m(s)?
-19
Let w(i) = -i**2 - i + 5. Let x(a) = -a**2 - a + 4. Let y(g) = 4*w(g) - 5*x(g). Give y(-2).
2
Let k(g) = -g**2 + 9*g - 9. Let v be (-10)/2 - -14 - (-4)/(-2). Calculate k(v).
5
Let g(w) be the first derivative of w**4/4 - 4*w**3/3 + w**2 - 6*w + 56. Give g(4).
2
Let d be (-29 - -27)/(2/(-4)). Let f(u) be the first derivative of -d*u - 5/2*u**2 + 1/3*u**3 - 3. Give f(5).
-4
Suppose -2*q + 2 = 2*k, -7 - 2 = -5*q - k. Let b(u) = -q + 2 + 3 + u - 3*u. Calculate b(3).
-3
Let n(h) = h + 3. Let t be n(-4). Let u(s) = -6*s**2 - s. Calculate u(t).
-5
Suppose 3*a + 3 - 25 = h, 0 = -2*a + 3*h + 24. Let z(w) = w - 8. Determine z(a).
-2
Let i be (-1)/3 + (-8)/12. Let k(n) = -7*n + 1. Let b be k(i). Let l = b - 7. Let x(r) = -r**3 + 1. Determine x(l).
0
Let t be (-9)/(-5) - (-2)/10. Let c = 5 - -4. Suppose 4*v = -4*u + c*v + 25, -t*v = 5*u + 10. Let z(m) = -m**3 + m**2 - m. Calculate z(u).
0
Let b(o) be the first derivative of -o**4/2 + 2*o**3/3 + 7*o**2/2 + o + 5. Let f(k) = -2*k**3 + 2*k**2 + 6*k + 1. Let l(p) = 5*b(p) - 6*f(p). What is l(2)?
5
Let z(h) = h - 1. Let u be (-9)/2 + -3 + 35/10. Calculate z(u).
-5
Let m(w) be the second derivative of 0 + 2*w + 1/2*w**2 + 1/24*w**4 + 0*w**3. Let n(d) be the first derivative of m(d). Calculate n(3).
3
Suppose -45*n + 35 = -52*n. Let y(w) = -5*w**3 + 6*w**2 + 8*w - 7. Let v(l) = -9*l**3 + 12*l**2 + 15*l - 14. Let i(s) = -6*v(s) + 11*y(s). Calculate i(n).
-8
Let d(j) be the first derivative of 1/2*j**2 + 7*j - 6. Give d(-6).
1
Let c(u) = -u**2 - 2*u + 8. Let v(t) = 2*t**2 + 16*t + 18. Let b be v(-6). Determine c(b).
-16
Let i(x) = -x - 13. Let g be i(-14). Let d(v) = -23*v + 1. Give d(g).
-22
Let k(s) = s**3 - 2*s**2 - 3*s + 1. Let n be k(3). Let l(y) = -7*y + 1. Give l(n).
-6
Let r(a) = a**3 - 7*a**2 - 2*a + 14. Let i be r(7). Let t(g) = -g + 3. Determine t(i).
3
Let f = -6 - -12. Let c(k) = k**2 - 4*k - 8. Determine c(f).
4
Suppose 5*c - 6*c + 3 = 0. Let z(t) = t**2 - 1. Let p(n) = n**3 - 4*n + 1. Let h(y) = p(y) - z(y). Calculate h(c).
8
Let l be (-2)/(-3) + (-84)/(-36). Let g(c) = -2*c**2 + 2*c**2 - 18 - 4*c + c**l + 15. Give g(-2).
-3
Let l(f) = -1. Let t(p) = p - 3. Let w(n) = 5*l(n) - t(n). Give w(-6).
4
Suppose 0 - 20 = 4*h. Let o(u) = -u**3 + 5*u**2 + u - 2. Let f(a) = a**2. Let c(q) = h*f(q) + o(q). Give c(0).
-2
Let k(m) = 7 + 0*m + 13*m**3 + 4*m - m**2 - 3*m - 12*m**3. Let v = 0 + 0. Give k(v).
7
Let a(y) be the second derivative of -3*y + 0 + 1/2*y**2 + 1/12*y**4 + 0*y**3. Give a(0).
1
Let p be (-1)/(0 - (-1)/(-4)). Let o(f) = -f - 2. Give o(p).
-6
Suppose -4*h + 12 = 5*d, -d = -0 - 4. Let c = h - 0. Let i(o) = 4*o**2 + 6. Let s(y) = y**2 + 2. Let j(w) = -3*i(w) + 10*s(w). What is j(c)?
-6
Let x = 0 - -1. Let z(y) be the second derivative of 2*y + 0 - 2/3*y**3 + 1/2*y**2. Calculate z(x).
-3
Let c(h) = -h + 5. Suppose -a = -1 - 2. Let s be (-18)/4 + a/6. Give c(s).
9
Let d(q) = q - 4. Let h be 0 - (-2 - 1 - 1). Give d(h).
0
Let l(m) = 10*m - 21*m + 1 + 19*m. What is l(-3)?
-23
Let y(t) be the second derivative of -t**5/20 + t**4/2 - t**3/2 - 7*t**2/2 - 6*t. Let a be y(5). Let c(i) = -i**3 + 3*i**2 - i + 4. Give c(a).
1
Let n(l) = -l**3 + 3*l**2 + 5*l - 3. Let w = 1 + 3. Suppose -2*j - 3*j - 1 = 2*s, j = -4*s + 25. Suppose 3*i = s*i + 16, i - 12 = -w*c. Give n(c).
1
Let o(k) be the first derivative of -k**6/360 - k**5/40 + 5*k**4/24 + k**3/3 + 3. Let g(v) be the third derivative of o(v). Let n = 8 + -12. What is g(n)?
1
Let a(d) be the second derivative of -d**3/6 + 3*d**2/2 - 4*d. Give a(2).
1
Let w(a) = -a + 9. Let y be w(5). Let v be (-3)/(-3)*-1 + 3. Let o(g) = 4*g**v - 7*g**2 + 3 - 6*g + 4*g**2. Calculate o(y).
-5
Let n(a) be the second derivative of 2*a - a**2 - 1/120*a**6 - a**3 + 0 + 0*a**4 + 0*a**5. Let b(j) be the first derivative of n(j). Calculate b(0).
-6
Let s(g) = 4*g + 3. Suppose 8*i = 7*i - 3. What is s(i)?
-9
Let l = 5 - 8. Let i be ((-20)/6 - -1)*l. Suppose i*d + 10 = 2*d. Let r(u) = -u**3 - 2*u**2 - u + 2. Determine r(d).
4
Let u(a) = -13 + 32 - 10 - 10 - 4*a. Give u(5).
-21
Let x(r) = -r + 1. Let d(p) = -3*p + 10. Let y(w) = d(w) - 4*x(w). Let i be 38/8 - (-6)/(-8). Suppose 0 = -i*h - 1